{"id":47,"date":"2021-03-10T19:56:03","date_gmt":"2021-03-10T18:56:03","guid":{"rendered":"http:\/\/www.placemanivelle.com\/?page_id=47"},"modified":"2024-12-07T08:50:10","modified_gmt":"2024-12-07T07:50:10","slug":"evenements","status":"publish","type":"page","link":"https:\/\/www.placemanivelle.com\/index.php\/evenements\/","title":{"rendered":"Agenda"},"content":{"rendered":"\n<p><strong>2024<\/strong><\/p>\n\n\n\n<ul class=\"wp-block-list\">\n<li><strong>15\/12<\/strong> &#8211; Cabaret Lazare &#8211; No\u00ebl Solidaire organis\u00e9 par <a href=\"https:\/\/www.facebook.com\/p\/Le-Monde-de-la-R\u00e9cup-100080637420736\/\">Le Monde de la R\u00e9cup<\/a> (Champagne-sur-Seine)<\/li>\n\n\n\n<li><strong>14\/12<\/strong> &#8211; Cabaret Lazare &#8211; Festival Au Coin des Rues organis\u00e9 par <a href=\"https:\/\/pastroploingdelaseine.fr\">Pas Trop Loing de la Seine<\/a> (Villemer)<\/li>\n\n\n\n<li><strong>06\/07 et 07\/07 &#8211; <\/strong>La Bistrote &#8211; La Caravane du Coin (Villiers-sous-Grez)<\/li>\n\n\n\n<li><strong>04\/07 et 05\/07 &#8211; <\/strong>La Bistrote &#8211; La Caravane du Coin (Blennes)<\/li>\n\n\n\n<li><strong>02\/07 et 03\/07 &#8211; <\/strong>La Bistrote &#8211; La Caravane du Coin (Saint-Mamm\u00e8s)<\/li>\n\n\n\n<li><strong>23\/06 &#8211; <\/strong>La Bistrote &#8211; Festival Au Coin des Rues organis\u00e9 par <a href=\"https:\/\/pastroploingdelaseine.fr\">Pas Trop Loing de la Seine<\/a> (Champagne-sur-Seine)<\/li>\n\n\n\n<li><strong>25\/05 &#8211;<\/strong> Carnaval \u00e0 V\u00e9lo (Moret-Loing-et-Orvanne)<\/li>\n\n\n\n<li><strong>04\/05 &#8211;<\/strong> La Bistrote &#8211; Festival Au Coin des Rues organis\u00e9 par <a href=\"https:\/\/pastroploingdelaseine.fr\">Pas Trop Loing de la Seine<\/a> (Nanteau-sur-Lunain)<\/li>\n<\/ul>\n\n\n\n<p><strong>2023<\/strong><\/p>\n\n\n\n<ul class=\"wp-block-list\">\n<li><strong>09\/07 &#8211; <\/strong>La Bistrote &#8211; Festival Au Coin des Rues organis\u00e9 par <a href=\"https:\/\/pastroploingdelaseine.fr\">Pas Trop Loing de la Seine<\/a> (Champagne-sur-Seine)<\/li>\n\n\n\n<li><strong>01\/07 et 02\/07 &#8211; <\/strong>La Bistrote &#8211; La Caravane du Coin (Larchant)<\/li>\n\n\n\n<li><strong>29\/06 et 30\/06 &#8211; <\/strong>La Bistrote &#8211; La Caravane du Coin (Blennes)<\/li>\n\n\n\n<li><strong>27\/06 et 28\/06 &#8211; <\/strong>La Bistrote &#8211; La Caravane du Coin (F\u00e9ricy)<\/li>\n\n\n\n<li><strong>27\/05 &#8211;<\/strong> Carnaval \u00e0 V\u00e9lo (Moret-Loing-et-Orvanne)<\/li>\n\n\n\n<li><strong>19\/05 &#8211;<\/strong> La Bistrote &#8211; Festival Au Coin des Rues organis\u00e9 par <a href=\"https:\/\/pastroploingdelaseine.fr\">Pas Trop Loing de la Seine<\/a> (Villemar\u00e9chal)<\/li>\n<\/ul>\n\n\n\n<p><strong>2022<\/strong><\/p>\n\n\n\n<ul class=\"wp-block-list\">\n<li><strong>15\/10 &#8211; <\/strong>Retro-Balade &#8211; Micro Folie d&#8217;<a href=\"https:\/\/www.actart77.com\/event\/micro-folie-a-la-ferme-de-sainte-colombe\/\" data-type=\"link\" data-id=\"https:\/\/www.actart77.com\/event\/micro-folie-a-la-ferme-de-sainte-colombe\/\">Act&#8217; Art<\/a> \u00e0 la Ferme de Sainte Colombe (Saint-Mars-Vieux-Maisons)<\/li>\n\n\n\n<li><strong>10\/07 &#8211; <\/strong>La Bistrote &#8211; Festival Au Coin des Rues organis\u00e9 par <a href=\"https:\/\/pastroploingdelaseine.fr\">Pas Trop Loing de la Seine<\/a> (Champagne-sur-Seine)<\/li>\n\n\n\n<li><strong>02-03\/07 &#8211; <\/strong>La Bistrote &#8211; La Caravane du Coin (Souppes-sur-Loing)<\/li>\n\n\n\n<li><strong>30\/06 et 01\/07 &#8211; <\/strong>La Bistrote &#8211; La Caravane du Coin (Fericy)<\/li>\n\n\n\n<li><strong>29\/06 &#8211; <\/strong>La Bistrote &#8211; La Caravane du Coin (Vernou La-Celle-sur-Seine)<\/li>\n\n\n\n<li><strong>21\/05 &#8211;<\/strong> Carnaval \u00e0 V\u00e9lo (Moret-Loing-et-Orvanne)<\/li>\n<\/ul>\n\n\n\n<p><strong>2021<\/strong><\/p>\n\n\n\n<ul class=\"wp-block-list\">\n<li><strong>18-19\/09 &#8211; <\/strong>Retro-Balade &#8211; Journ\u00e9es du patrimoine \u00e0 la Tuilerie de Bezanleu (Treuzy-Levelay)<\/li>\n\n\n\n<li><strong>27-28-29\/08 &#8211;<\/strong> La Bistrote &#8211; Festival Au Bon Coin organis\u00e9 par <a href=\"https:\/\/pastroploingdelaseine.fr\">Pas Trop Loing de la Seine<\/a> (Thomery)<\/li>\n\n\n\n<li><strong>05\/06 &#8211;<\/strong> Carnaval \u00e0 V\u00e9lo (Moret-Loing-et-Oravanne)<\/li>\n<\/ul>\n\n\n\n<p><strong>2020<\/strong><\/p>\n\n\n\n<ul class=\"wp-block-list\">\n<li><strong>17\/10 &#8211; <\/strong>R\u00e9tro-Balade et La Bistrote &#8211; Festival Au Coin des Rues organis\u00e9 par <a href=\"https:\/\/pastroploingdelaseine.fr\">Pas Trop Loing de la Seine<\/a> (Champagne-sur-Seine)<\/li>\n\n\n\n<li><strong>11\/10 &#8211; <\/strong>Retro-balade et La Bistrote &#8211; La Ronde \u00e0 V\u00e9lo organis\u00e9e par la <a href=\"http:\/\/www.biosphere-fontainebleau-gatinais.fr\">Biosph\u00e8re<\/a> (Fontainebleau)<\/li>\n\n\n\n<li><strong>26\/09 &#8211; <\/strong>R\u00e9tro-balade &#8211; F\u00eate 1900 (Moret-Loing-et-Orvanne)<\/li>\n\n\n\n<li><strong>29-30\/08 &#8211;<\/strong> La Bistrote &#8211; Festival Au Ti&#8217; Coin organis\u00e9 par <a href=\"https:\/\/pastroploingdelaseine.fr\">Pas Trop Loing de la Seine<\/a> (Thomery)<\/li>\n<\/ul>\n\n\n\n<p><strong>2019<\/strong><\/p>\n\n\n\n<ul class=\"wp-block-list\">\n<li><strong>13\/10 &#8211; <\/strong>La Bistrote &#8211; La Ronde \u00e0 V\u00e9lo organis\u00e9e par la <a href=\"http:\/\/www.biosphere-fontainebleau-gatinais.fr\">Biosph\u00e8re<\/a> (Fontainebleau)<\/li>\n\n\n\n<li><strong>22\/09 &#8211; <\/strong>La Bistrote &#8211; Journ\u00e9es du patrimoine (Saint Mamm\u00e8s)<\/li>\n\n\n\n<li><strong>15\/09 &#8211; <\/strong>La Bistrote &#8211; Spectacle &#8220;Banque Centrale&#8221; de la <a href=\"https:\/\/www.facebook.com\/compagniesolenscene\">Cie Sol en Sc\u00e8ne<\/a> (Saint Mamm\u00e8s)<\/li>\n\n\n\n<li><strong>31\/08 &#8211;<\/strong> La Bistrote &#8211; Notown Festival organis\u00e9 par <a href=\"https:\/\/www.facebook.com\/musiqafon\/\">Musiqafon<\/a> (Nemours)<\/li>\n\n\n\n<li><strong>11\/07 &#8211; <\/strong>Le Man\u00e8ge \u00e0 Secrets &#8211; Festival Les Semailles organis\u00e9 par la <a href=\"http:\/\/eygurande.net\">Cie L&#8217;Eygurande<\/a> (Missery)<\/li>\n\n\n\n<li><strong>07\/07 &#8211;<\/strong> Le Man\u00e8ge \u00e0 Secrets et La Bistrote &#8211; Festival Au Coin des Rues organis\u00e9 par <a href=\"https:\/\/pastroploingdelaseine.fr\">Pas Trop Loing de la Seine<\/a> (Champagne-sur-Seine)<\/li>\n\n\n\n<li><strong>15\/06 <\/strong>&#8211; Le Man\u00e8ge \u00e0 Secrets et La Bistrote &#8211; F\u00eate de la ville (Fleury-Merogis)<\/li>\n\n\n\n<li><strong>18-19\/05 &#8211;<\/strong> Le Man\u00e8ge \u00e0 Secrets &#8211; F\u00eate de la Ville (Br\u00e9tigny-sur-Orge)<\/li>\n<\/ul>\n\n\n\n<p><strong>2018<\/strong><\/p>\n\n\n\n<ul class=\"wp-block-list\">\n<li><strong>24\/04 &#8211; <\/strong>Le Man\u00e8ge \u00e0 Secrets &#8211; Festival Jeunes Pousses organis\u00e9 par <a href=\"http:\/\/www.animakt.fr\">Animakt<\/a> (Saulx-les-Chartreux). <em><a href=\"https:\/\/sortir.telerama.fr\/evenements\/spectacles\/compagnie-place-manivelle-le-manege-a-secrets,n5563518.php\">https:\/\/sortir.telerama.fr\/evenements\/spectacles\/compagnie-place-manivelle-le-manege-a-secrets,n5563518.php<\/a><\/em><\/li>\n<\/ul>\n\n\n\n<p><strong>2017<\/strong><\/p>\n\n\n\n<ul class=\"wp-block-list\">\n<li><strong>26-27\/08 &#8211; <\/strong>Le Man\u00e8ge \u00e0 Secrets &#8211; Festival Au Bon Coin organis\u00e9 par <a href=\"https:\/\/pastroploingdelaseine.fr\">Pas Trop Loing de la Seine<\/a> (Thomery)<br><br><\/li>\n<\/ul>\n","protected":false},"excerpt":{"rendered":"<p>2024 2023 2022 2021 2020 2019 2018 2017<\/p>\n","protected":false},"author":1,"featured_media":0,"parent":0,"menu_order":0,"comment_status":"closed","ping_status":"closed","template":"","meta":{"footnotes":""},"class_list":["post-47","page","type-page","status-publish","hentry","odd"],"_links":{"self":[{"href":"https:\/\/www.placemanivelle.com\/index.php\/wp-json\/wp\/v2\/pages\/47","targetHints":{"allow":["GET"]}}],"collection":[{"href":"https:\/\/www.placemanivelle.com\/index.php\/wp-json\/wp\/v2\/pages"}],"about":[{"href":"https:\/\/www.placemanivelle.com\/index.php\/wp-json\/wp\/v2\/types\/page"}],"author":[{"embeddable":true,"href":"https:\/\/www.placemanivelle.com\/index.php\/wp-json\/wp\/v2\/users\/1"}],"replies":[{"embeddable":true,"href":"https:\/\/www.placemanivelle.com\/index.php\/wp-json\/wp\/v2\/comments?post=47"}],"version-history":[{"count":37,"href":"https:\/\/www.placemanivelle.com\/index.php\/wp-json\/wp\/v2\/pages\/47\/revisions"}],"predecessor-version":[{"id":486,"href":"https:\/\/www.placemanivelle.com\/index.php\/wp-json\/wp\/v2\/pages\/47\/revisions\/486"}],"wp:attachment":[{"href":"https:\/\/www.placemanivelle.com\/index.php\/wp-json\/wp\/v2\/media?parent=47"}],"curies":[{"name":"wp","href":"https:\/\/api.w.org\/{rel}","templated":true}]}}